{"id":421,"date":"2026-03-11T17:58:55","date_gmt":"2026-03-11T17:58:55","guid":{"rendered":"https:\/\/tiaparke.com\/?post_type=product&#038;p=421"},"modified":"2026-03-11T18:53:14","modified_gmt":"2026-03-11T18:53:14","slug":"polaris-duvar-paneli","status":"publish","type":"product","link":"https:\/\/tiaparke.com\/index.php\/urun\/polaris-duvar-paneli\/","title":{"rendered":"polaris duvar paneli"},"content":{"rendered":"","protected":false},"excerpt":{"rendered":"<p data-start=\"1083\" data-end=\"1291\">Polaris duvar paneli modern ve minimalist i\u00e7 mekan dekorasyonlar\u0131 i\u00e7in geli\u015ftirilmi\u015f dekoratif bir duvar kaplama modelidir. Dikey panel formu sayesinde duvar y\u00fczeyinde ritmik ve estetik bir g\u00f6r\u00fcn\u00fcm olu\u015fturur.<\/p>\n<p data-start=\"1293\" data-end=\"1539\">12 mm panel kal\u0131nl\u0131\u011f\u0131 ile hafif ancak dayan\u0131kl\u0131 bir yap\u0131 sunan Polaris modeli, mek\u00e2nlara derinlik kazand\u0131ran modern bir tasar\u0131m sunar. 120 mm panel geni\u015fli\u011fi ve 280 cm panel boyu sayesinde duvarlarda kesintisiz ve dengeli bir kaplama elde edilir.<\/p>\n<p data-start=\"1541\" data-end=\"1712\">Polaris modeli \u00f6zellikle modern, \u0130skandinav ve \u00e7a\u011fda\u015f dekorasyon tarzlar\u0131nda s\u0131k\u00e7a tercih edilir. Dikey panel formu mek\u00e2n\u0131n daha y\u00fcksek ve ferah g\u00f6r\u00fcnmesine yard\u0131mc\u0131 olur.<\/p>\n<p data-start=\"1714\" data-end=\"1860\">Salon, yatak odas\u0131, ofis, resepsiyon alanlar\u0131 ve otel lobileri gibi bir\u00e7ok farkl\u0131 i\u00e7 mek\u00e2nda dekoratif duvar kaplama \u00e7\u00f6z\u00fcm\u00fc olarak kullan\u0131labilir.<\/p>\n","protected":false},"featured_media":473,"template":"","meta":[],"product_brand":[],"product_cat":[28],"product_tag":[],"class_list":{"0":"post-421","1":"product","2":"type-product","3":"status-publish","4":"has-post-thumbnail","6":"product_cat-duvar-panelleri","8":"first","9":"instock","10":"shipping-taxable","11":"product-type-simple"},"_links":{"self":[{"href":"https:\/\/tiaparke.com\/index.php\/wp-json\/wp\/v2\/product\/421","targetHints":{"allow":["GET"]}}],"collection":[{"href":"https:\/\/tiaparke.com\/index.php\/wp-json\/wp\/v2\/product"}],"about":[{"href":"https:\/\/tiaparke.com\/index.php\/wp-json\/wp\/v2\/types\/product"}],"wp:featuredmedia":[{"embeddable":true,"href":"https:\/\/tiaparke.com\/index.php\/wp-json\/wp\/v2\/media\/473"}],"wp:attachment":[{"href":"https:\/\/tiaparke.com\/index.php\/wp-json\/wp\/v2\/media?parent=421"}],"wp:term":[{"taxonomy":"product_brand","embeddable":true,"href":"https:\/\/tiaparke.com\/index.php\/wp-json\/wp\/v2\/product_brand?post=421"},{"taxonomy":"product_cat","embeddable":true,"href":"https:\/\/tiaparke.com\/index.php\/wp-json\/wp\/v2\/product_cat?post=421"},{"taxonomy":"product_tag","embeddable":true,"href":"https:\/\/tiaparke.com\/index.php\/wp-json\/wp\/v2\/product_tag?post=421"}],"curies":[{"name":"wp","href":"https:\/\/api.w.org\/{rel}","templated":true}]}}