{"id":385,"date":"2026-03-11T16:11:00","date_gmt":"2026-03-11T16:11:00","guid":{"rendered":"https:\/\/tiaparke.com\/?post_type=product&#038;p=385"},"modified":"2026-03-11T16:11:00","modified_gmt":"2026-03-11T16:11:00","slug":"8-cm-defne-soft-touch-kaya-gri-supurgelik","status":"publish","type":"product","link":"https:\/\/tiaparke.com\/index.php\/urun\/8-cm-defne-soft-touch-kaya-gri-supurgelik\/","title":{"rendered":"8 cm Defne Soft Touch Kaya Gri S\u00fcp\u00fcrgelik"},"content":{"rendered":"","protected":false},"excerpt":{"rendered":"<p data-start=\"1254\" data-end=\"1485\">8 cm Defne Soft Touch kaya gri s\u00fcp\u00fcrgelik modeli duvar ile zemin birle\u015fim noktalar\u0131n\u0131 estetik \u015fekilde kapatmak i\u00e7in tasarlanm\u0131\u015ft\u0131r. Modern kaya gri rengi sayesinde ya\u015fam alanlar\u0131nda \u015f\u0131k ve dengeli bir dekorasyon g\u00f6r\u00fcn\u00fcm\u00fc olu\u015fturur.<\/p>\n<p data-start=\"1487\" data-end=\"1654\">Soft touch y\u00fczey kaplamas\u0131 s\u00fcp\u00fcrgelik y\u00fczeyine mat ve kadifemsi bir doku kazand\u0131r\u0131r. Bu \u00f6zellik \u00fcr\u00fcne hem estetik bir g\u00f6r\u00fcn\u00fcm hem de kaliteli bir dokunu\u015f hissi sa\u011flar.<\/p>\n<p data-start=\"1656\" data-end=\"1872\">8 cm y\u00fcksekli\u011fe sahip olan Defne Soft Touch kaya gri s\u00fcp\u00fcrgelik modeli laminat parke ve lamine parke uygulamalar\u0131nda dekoratif bir tamamlay\u0131c\u0131 olarak tercih edilir. Duvar diplerinde temiz ve d\u00fczenli bir biti\u015f sa\u011flar.<\/p>\n<p data-start=\"1874\" data-end=\"2021\">Salon, yatak odas\u0131, oturma odas\u0131 ve ofis gibi bir\u00e7ok ya\u015fam alan\u0131nda kullan\u0131labilen bu s\u00fcp\u00fcrgelik modeli modern dekorasyon stilleri ile uyum sa\u011flar.<\/p>\n","protected":false},"featured_media":386,"template":"","meta":[],"product_brand":[20],"product_cat":[27],"product_tag":[],"class_list":{"0":"post-385","1":"product","2":"type-product","3":"status-publish","4":"has-post-thumbnail","6":"product_brand-bellafloor","7":"product_cat-supurgelik","9":"first","10":"instock","11":"shipping-taxable","12":"product-type-simple"},"_links":{"self":[{"href":"https:\/\/tiaparke.com\/index.php\/wp-json\/wp\/v2\/product\/385","targetHints":{"allow":["GET"]}}],"collection":[{"href":"https:\/\/tiaparke.com\/index.php\/wp-json\/wp\/v2\/product"}],"about":[{"href":"https:\/\/tiaparke.com\/index.php\/wp-json\/wp\/v2\/types\/product"}],"wp:featuredmedia":[{"embeddable":true,"href":"https:\/\/tiaparke.com\/index.php\/wp-json\/wp\/v2\/media\/386"}],"wp:attachment":[{"href":"https:\/\/tiaparke.com\/index.php\/wp-json\/wp\/v2\/media?parent=385"}],"wp:term":[{"taxonomy":"product_brand","embeddable":true,"href":"https:\/\/tiaparke.com\/index.php\/wp-json\/wp\/v2\/product_brand?post=385"},{"taxonomy":"product_cat","embeddable":true,"href":"https:\/\/tiaparke.com\/index.php\/wp-json\/wp\/v2\/product_cat?post=385"},{"taxonomy":"product_tag","embeddable":true,"href":"https:\/\/tiaparke.com\/index.php\/wp-json\/wp\/v2\/product_tag?post=385"}],"curies":[{"name":"wp","href":"https:\/\/api.w.org\/{rel}","templated":true}]}}